by 162.
130
What is the remainder when 4394412 is divided by 25?
12
What is the remainder when 35596 is divided by 16273?
3050
Calculate the remainder when 91726936 is divided by 157336.
48
What is the remainder when 1918620 is divided by 11285?
170
What is the remainder when 2369673 is divided by 30773?
152
What is the remainder when 2880997 is divided by 8005?
7202
What is the remainder when 95490 is divided by 2542?
1436
Calculate the remainder when 179363 is divided by 179360.
3
What is the remainder when 324714 is divided by 324675?
39
What is the remainder when 10701475 is divided by 771?
766
Calculate the remainder when 29919010 is divided by 183.
157
Calculate the remainder when 558620 is divided by 133.
20
Calculate the remainder when 105083 is divided by 3387.
86
What is the remainder when 9849 is divided by 46?
5
Calculate the remainder when 2358441 is divided by 76075.
116
What is the remainder when 1448606 is divided by 654?
650
Calculate the remainder when 2318400 is divided by 2318382.
18
Calculate the remainder when 4333356 is divided by 1444440.
36
What is the remainder when 43650504 is divided by 11490?
11484
What is the remainder when 19503899 is divided by 28?
23
Calculate the remainder when 4464001 is divided by 4141.
3
Calculate the remainder when 2362663 is divided by 407.
28
What is the remainder when 445924 is divided by 65?
24
What is the remainder when 27213 is divided by 1008?
1005
Calculate the remainder when 1054092 is divided by 2480.
92
Calculate the remainder when 979459 is divided by 30607.
35
Calculate the remainder when 35781640 is divided by 111123.
34
Calculate the remainder when 115615368 is divided by 95.
83
What is the remainder when 102124 is divided by 33?
22
What is the remainder when 164975 is divided by 301?
27
Calculate the remainder when 282473 is divided by 35.
23
Calculate the remainder when 10518167 is divided by 8381.
12
What is the remainder when 7019877 is divided by 36753?
54
What is the remainder when 54426 is divided by 13056?
2202
Calculate the remainder when 18838585 is divided by 574.
479
What is the remainder when 73010 is divided by 36408?
194
Calculate the remainder when 8052369 is divided by 4025982.
405
Calculate the remainder when 34855 is divided by 5730.
475
Calculate the remainder when 1731392 is divided by 247336.
40
What is the remainder when 166557 is divided by 69?
60
Calculate the remainder when 173775 is divided by 216.
111
Calculate the remainder when 402611 is divided by 1508.
1483
Calculate the remainder when 5433 is divided by 152.
113
Calculate the remainder when 1096144 is divided by 458.
150
What is the remainder when 507234 is divided by 225?
84
Calculate the remainder when 9335 is divided by 415.
205
What is the remainder when 33572 is divided by 16651?
270
What is the remainder when 9578110 is divided by 33?
25
What is the remainder when 52592648 is divided by 6294?
6278
What is the remainder when 187347506 is divided by 9?
5
What is the remainder when 17437308 is divided by 3274?
3258
What is the remainder when 1835284 is divided by 183516?
124
Calculate the remainder when 86989 is divided by 8219.
4799
What is the remainder when 8820 is divided by 2398?
1626
Calculate the remainder when 558672 is divided by 1341.
816
What is the remainder when 241892 is divided by 40295?
122
What is the remainder when 54417 is divided by 54417?
0
Calculate the remainder when 2724757 is divided by 134.
1
What is the remainder when 10386960 is divided by 1149?
0
Calculate the remainder when 378856 is divided by 2537.
843
Calculate the remainder when 262296 is divided by 2134.
1948
What is the remainder when 43113749 is divided by 375?
374
What is the remainder when 634710 is divided by 25?
10
What is the remainder when 21205852 is divided by 39?
31
Calculate the remainder when 115297510 is divided by 45357.
16
Calculate the remainder when 20486 is divided by 976.
966
What is the remainder when 134907670 is divided by 60?
10
Calculate the remainder when 4337 is divided by 4176.
161
Calculate the remainder when 14609 is divided by 636.
617
Calculate the remainder when 97256 is divided by 96852.
404
What is the remainder when 343773 is divided by 6609?
105
What is the remainder when 633047 is divided by 37238?
1
Calculate the remainder when 2552824 is divided by 5842.
5712
Calculate the remainder when 46358 is divided by 231.
158
What is the remainder when 2394964 is divided by 113?
42
What is the remainder when 6123097 is divided by 309?
262
Calculate the remainder when 54025 is divided by 17656.
1057
What is the remainder when 130171 is divided by 1290?
1171
What is the remainder when 546159 is divided by 55?
9
What is the remainder when 104539156 is divided by 18?
16
What is the remainder when 1001281 is divided by 41?
20
What is the remainder when 24423269 is divided by 11?
2
What is the remainder when 31557 is divided by 198?
75
What is the remainder when 11691 is divided by 1425?
291
What is the remainder when 221465 is divided by 241?
227
Calculate the remainder when 12041376 is divided by 138405.
141
What is the remainder when 4723327 is divided by 1231?
1211
What is the remainder when 2216169 is divided by 1620?
9
Calculate the remainder when 786608 is divided by 5243.
158
What is the remainder when 2280967 is divided by 864?
7
Calculate the remainder when 689193 is divided by 14982.
21
Calculate the remainder when 109999 is divided by 636.
607
Calculate the remainder when 80659 is divided by 2321.
1745
What is the remainder when 3174607 is divided by 600?
7
Calculate the remainder when 3308982 is divided by 66.
6
What is the remainder when 42856727 is divided by 1541?
1517
What is the remainder when 74259 is divided by 11?
9
Calculate the remainder when 101061717 is divided by 820.
817
What is the remainder when 78874 is divided by 5246?
184
What is the remainder when 5309640 is divided by 581?
462
Calculate the remainder when 70790803 is divided by 400.
3
Calculate the remainder when 26976 is divided by 1588.
1568
What is the remainder when 108899104 is divided by 35?
34
Calculate the remainder when 205456 is divided by 3245.
1021
What is the remainder when 21287 is divided by 10370?
547
Calculate the remainder when 119076905 is divided by 1725752.
17
Calculate the remainder when 383603 is divided by 382660.
943
Calculate the remainder when 41222662 is divided by 928.
902
Calculate the remainder when 2028483 is divided by 507120.
3
Calculate the remainder when 7704070 is divided by 3.
1
Calculate the remainder when 3024444 is divided by 1833.
1827
Calculate the remainder when 33842 is divided by 133.
60
Calculate the remainder when 147694712 is divided by 674405.
17
Calculate the remainder when 93139 is divided by 802.
107
Calculate the remainder when 41910 is divided by 1019.
131
What is the remainder when 3460315 is divided by 3571?
16
Calculate the remainder when 19054340 is divided by 962.
6
What is the remainder when 7337865 is divided by 1486?
1483
Calculate the remainder when 2134107 is divided by 518.
465
What is the remainder when 1020238 is divided by 48582?
16
Calculate the remainder when 315664295 is divided by 22547449.
9
What is the remainder when 27270 is divided by 18849?
8421
What is the remainder when 148649 is divided by 3098?
3043
Calculate the remainder when 15750036 is divided by 14.
8
Calculate the remainder when 106028954 is divided by 7806.
56
Calculate the remainder when 36165860 is divided by 350.
10
Calculate the remainder when 9164847 is divided by 301.
300
Calculate the remainder when 58466 is divided by 704.
34
What is the remainder when 8409 is divided by 2095?
29
Calculate the remainder when 27310 is divided by 4488.
382
What is the remainder when 39195 is divided by 18363?
2469
Calculate the remainder when 9196172 is divided by 441.
440
Calculate the remainder when 27144 is divided by 778.
692
Calculate the remainder when 590094 is divided by 4185.
9
What is the remainder when 40538 is divided by 2884?
162
Calculate the remainder when 7654543 is divided by 254.
253
What is the remainder when 28520 is divided by 4608?
872
What is the remainder when 2409712 is divided by 2221?
2148
What is the remainder when 21394 is divided by 4374